{"id":3,"date":"2023-03-12T09:24:28","date_gmt":"2023-03-12T08:24:28","guid":{"rendered":"https:\/\/tiere-opr.de\/?page_id=3"},"modified":"2023-03-14T16:31:53","modified_gmt":"2023-03-14T15:31:53","slug":"datenschutzerklaerung","status":"publish","type":"page","link":"https:\/\/tiere-opr.de\/?page_id=3","title":{"rendered":"Datenschutzerkl\u00e4rung"},"content":{"rendered":"<h1 class=\"wp-block-heading\"><strong>Datenschutzerkl\u00e4rung<\/strong><\/h1>\r\n<p>Der Tierschutzverein Ostprignitz-Ruppin e.V. nimmt den Datenschutz sehr ernst und informiert Sie im Folgenden dar\u00fcber, wie Ihre Daten verarbeitet werden und welche Anspr\u00fcche \/ Rechte Ihnen nach den datenschutzrechtlichen Regelungen zustehen. G\u00fcltig ab 25.Mai 2018.<\/p>\r\n<p>1) F\u00fcr die Datenverarbeitung verantwortliche Stelle und Kontaktdaten Verantwortliche Stelle im Sinne des Datenschutzrechtes: Tierschutzverein Ostprignitz-Ruppin e.V.<\/p>\r\n<p><strong>Vorsitzender<\/strong><br \/><strong>Peter Lenz<\/strong><br \/><strong>Ernst-Toller-Str. 6<\/strong><br \/><strong>16816 Neuruppin<\/strong><br \/><strong>0173-6341704<\/strong><br \/><strong>tierschutz@tiere-opr.de<\/strong><br \/><br \/>2) Zwecke und Rechtsgrundlagen, auf der wir Ihre Daten verarbeiten Wir verarbeiten personenbezogene Daten im Einklang mit den Bestimmungen der Datenschutz-Grundverordnung (DSGVO), dem Bundesdatenschutzgesetz (BDSG) sowie anderen anwendbaren Datenvorschriften. Welche Daten im Einzelnen verarbeitet und in welcher Weise genutzt werden, richtet sich ma\u00dfgeblich nach den jeweiligen beantragten bzw. vereinbarten Dienstleistungen. Weitere Einzelheiten oder Erg\u00e4nzungen zu den Zwecken der Datenverarbeitung k\u00f6nnen Sie den jeweiligen Vertragsunterlagen, Formularen, einer Einwilligungserkl\u00e4rung und\/oder anderen Ihnen bereitgestellten Informationen (z.B. im Rahmen der Nutzung unserer Webseite oder unseren Gesch\u00e4ftsbedingungen) entnehmen. Dar\u00fcber hinaus kann diese allgemeine Datenschutzinformation von Zeit zu Zeit aktualisiert werden; eine aktuelle Version k\u00f6nnen Sie unserer Webseite www.tiere-opr.de entnehmen.<\/p>\r\n<p>a) Zwecke zur Erf\u00fcllung eines Vertrages oder von vorvertraglichen Ma\u00dfnahmen (Art. 6 Abs. 1 b DSGVO) Die Verarbeitung der von uns zur Verf\u00fcgung gestellten personenbezogenen Daten unserer Mitglieder, Paten und Spender erfolgt zur Durchf\u00fchrung unserer Vertr\u00e4ge mit Ihnen und der Ausf\u00fchrung Ihrer Auftr\u00e4ge, Verwaltung von Spenden und Ausstellen von Spendenquittungen sowie zur Durchf\u00fchrung von Ma\u00dfnahmen und T\u00e4tigkeiten im Rahmen vorvertraglicher Beziehungen, z.B. mit Interessenten. Insbesondere dient die Verarbeitung damit der Erbringung von Leistungen entsprechend Ihren Auftr\u00e4gen und W\u00fcnschen und umfasst die hierf\u00fcr notwendigen Dienstleistungen, Ma\u00dfnahmen und T\u00e4tigkeiten.<\/p>\r\n<p>b) Zwecke im Rahmen eines berechtigten Interesses von uns oder Dritten (Art. 6 Abs. 1 f DSGVO) \u00dcber die eigentliche Erf\u00fcllung des Vertrages bzw. Vorvertrags hinaus verarbeiten wir Ihre Daten gegebenenfalls, wenn es erforderlich ist, um berechtigte Interessen von uns oder Dritten zu wahren, insbesondere f\u00fcr Zwecke der Spenden- oder Mitgliederwerbung.<\/p>\r\n<p>c) Zwecke im Rahmen Ihrer Einwilligung (Art. 6 Abs. 1 a DSGVO) Eine Verarbeitung Ihrer personenbezogenen Daten f\u00fcr bestimmte Zwecke (z.B. Nutzung Ihrer E-Mail-Adresse f\u00fcr Marketingzwecke) kann nur aufgrund Ihrer Einwilligung erfolgen. In der Regel k\u00f6nnen Sie diese jederzeit widerrufen.<\/p>\r\n<p>d) Zwecke zur Erf\u00fcllung gesetzlicher Vorgaben (Art. 6 Abs. 1 c DSGVO) oder im \u00f6ffentlichen Interesse (Art. 6 Abs. 1 e DSGVO) Wir unterliegen einer Vielzahl von rechtlichen Verpflichtungen, wie gesetzlichen Anforderungen oder besondere beh\u00f6rdliche Vorgaben. Zu den Zwecken der Verarbeitung geh\u00f6ren die Erf\u00fcllung steuerrechtlicher Kontroll- und Meldepflichten sowie die Archivierung von Daten zu Zwecken des Datenschutzes und der Datensicherheit sowie der Pr\u00fcfung durch Steuer- und andere Beh\u00f6rden. Dar\u00fcber hinaus kann die Offenlegung personenbezogener Daten im Rahmen von beh\u00f6rdlichen\/gerichtlichen Ma\u00dfnahmen zu Zwecken der Beweiserhebung, Strafverfolgung oder Durchsetzung zivilrechtlicher Anspr\u00fcche erforderlich werden.<br \/><br \/>3) Empf\u00e4nger oder Kategorien von Empf\u00e4ngern Ihrer Daten Innerhalb unseres Vereins erhalten nur diejenigen internen Stellen Ihre Daten, die diese zur Erf\u00fcllung unserer vertraglichen und gesetzlichen Pflichten oder im Rahmen der Bearbeitung und Umsetzung unseres berechtigten Interesses ben\u00f6tigen. Eine Weitergabe Ihrer Daten an externe Stellen erfolgt ausschlie\u00dflich &#8211; sofern Sie uns Ihre Einwilligung zur \u00dcbermittlung an Dritte gegeben haben; &#8211; im Zusammenhang mit der Vertragsabwicklung; insbesondere unterliegen Mitgliederdaten der Erstellung einer Mitgliederliste, die nach dem Vereinsrecht zur Einsicht aller anderen Vereinsmitglieder offensteht; &#8211; aufgrund unseres berechtigten Interesses oder des berechtigten Interesses des Dritten f\u00fcr im Rahmen der unter Ziffer 2. genannten Zwecke (z.B. an Beh\u00f6rden, Landesverb\u00e4nde, Mitgliedsvereine und Gremien und Kontrollinstanzen) zu Zwecken der Erf\u00fcllung gesetzlicher Vorgaben, nach denen wir zur Auskunft, Meldung oder Weitergabe von Daten verpflichtet sind oder die Datenweitergabe im \u00f6ffentlichen Interesse liegt (vgl. Ziffer 2.4); Wir werden Ihre Daten dar\u00fcber hinaus nicht an Dritte weitergeben.<\/p>\r\n<p>4) Dauer der Speicherung Ihrer Daten<\/p>\r\n<p>a) Wir verarbeiten und speichern Ihre Daten f\u00fcr die Dauer unserer Gesch\u00e4ftsbeziehung. Das umfasst auch die Anbahnung eines Vertrages (vorvertragliches Rechtsverh\u00e4ltnis) und die Abwicklung eines Vertrages.<\/p>\r\n<p>b) Dar\u00fcber hinaus unterliegen wir verschiedenen Aufbewahrungs- und Dokumentationspflichten, die sich u.a. aus dem Handelsgesetzbuch (HGB), Umsatzsteuergesetz (UStG), Umsatzsteuergesetz-Durchf\u00fchrungsverordnung (UstG-DV) und der Abgabenordnung (AO) ergeben. Die dort vorgegebenen Fristen zur Aufbewahrung bzw. Dokumentation betragen bis zehn Jahre \u00fcber das Ende der Gesch\u00e4ftsbeziehung bzw. des vorvertraglichen Rechtsverh\u00e4ltnisses hinaus.<\/p>\r\n<p>c) Ferner k\u00f6nnen spezielle gesetzliche Vorschriften eine l\u00e4ngere Aufbewahrungsdauer erfordern, wie z.B. Nachlassabwicklung f\u00fcr Testamente, Erbscheine, Grundbuchunterlagen und die Erhaltung von Beweismitteln im Rahmen der gesetzlichen Verj\u00e4hrungsvorschriften. Nach den \u00a7\u00a7 195 ff. des B\u00fcrgerlichen Gesetzbuches (BGB) betr\u00e4gt die regelm\u00e4\u00dfige Verj\u00e4hrungsfrist zwar drei Jahre; es k\u00f6nnen aber auch Verj\u00e4hrungsfristen von bis zu 30 Jahren anwendbar sein.<\/p>\r\n<p>d) Sind die Daten f\u00fcr die Erf\u00fcllung vertraglicher oder gesetzlicher Pflichten und Rechte nicht mehr erforderlich, werden diese regelm\u00e4\u00dfig gel\u00f6scht, es sei denn, deren &#8211; befristete -Weiterverarbeitung ist zur Erf\u00fcllung der unter Ziffer 2.2 aufgef\u00fchrten Zwecke aus einem \u00fcberwiegend berechtigten Interesse erforderlich. Ein solches \u00fcberwiegend berechtigtes Interesse liegt z.B. auch darin vor, wenn eine L\u00f6schung wegen der besonderen Art der Speicherung nicht oder nur mit unverh\u00e4ltnism\u00e4\u00dfig hohem Aufwand m\u00f6glich ist und eine Verarbeitung zu anderen Zwecken durch geeignete technische und organisatorische Ma\u00dfnahmen ausgeschlossen ist.<\/p>\r\n<p>5) Ihre Datenschutzrechte Unter bestimmten Voraussetzungen k\u00f6nnen Sie uns gegen\u00fcber Ihre Datenschutzrechte geltend machen: &#8211; So haben Sie das Recht, von uns Auskunft \u00fcber Ihre bei uns gespeicherten Daten nach den Regeln von Art 15 DSGVO (ggf. mit Einschr\u00e4nkungen nach \u00a7 34 BDSG) zu erhalten. &#8211; Auf Ihren Antrag hin werden wir die \u00fcber Sie gespeicherten Daten nach Art. 16 DSGVO berichtigen, wenn diese unzutreffend oder fehlerhaft sind. &#8211; Wenn Sie es w\u00fcnschen, werden wir Ihre Daten nach den Grunds\u00e4tzen von Art. 17 DSGVO l\u00f6schen, sofern andere gesetzliche Regelungen (z.B. gesetzliche Aufbewahrungspflichten oder die Einschr\u00e4nkungen nach \u00a7 35 BDSG) oder ein \u00fcberwiegendes Interesse unserseits (z.B. zur Verteidigung unserer Rechte und Anspr\u00fcche) dem nicht entgegenstehen. &#8211; Unter Ber\u00fccksichtigung der Voraussetzungen des Art. 18 DSGVO k\u00f6nnen Sie von uns verlangen, die Verarbeitung Ihrer Daten einzuschr\u00e4nken. &#8211; Ferner k\u00f6nnen Sie gegen die Verarbeitung Ihrer Daten Widerspruch nach Art. 21 DSGVO einlegen, aufgrund dessen wir die Verarbeitung Ihrer Daten beenden m\u00fcssen. Dieses Widerspruchsrecht gilt allerdings nur bei Vorliegen ganz besonderer Umst\u00e4nde Ihrer pers\u00f6nlichen Situation, wobei Rechte unseres Hauses Ihrem Widerspruchsrecht ggf. entgegenstehen k\u00f6nnen. &#8211; Auch haben Sie das Recht, Ihre Daten unter den Voraussetzungen von Art. 20 DSGVO in einem strukturierten, g\u00e4ngigen und maschinenlesbaren Format zu erhalten oder sie einem Dritten zu \u00fcbermitteln. &#8211; Dar\u00fcber hinaus haben Sie das Recht, eine erteilte Einwilligung in die Verarbeitung personenbezogener Daten jederzeit uns gegen\u00fcber mit Wirkung f\u00fcr die Zukunft zu widerrufen (vgl. Ziffer 2.3) &#8211; Ferner steht Ihnen ein Beschwerderecht bei einer Datenschutzaufsichtsbeh\u00f6rde zu (Art. 77 DSGVO). Wir empfehlen allerdings, eine Beschwerde zun\u00e4chst immer an uns zu richten. Ihre Antr\u00e4ge \u00fcber die Aus\u00fcbung Ihrer Rechte sollten nach M\u00f6glichkeit schriftlich an die oben angegebene Anschrift adressiert werden.<\/p>\r\n<p>&nbsp;<\/p>\r\n<p>&nbsp;<\/p>","protected":false},"excerpt":{"rendered":"<p>Datenschutzerkl\u00e4rung Der Tierschutzverein Ostprignitz-Ruppin e.V. nimmt den Datenschutz sehr ernst und informiert Sie im Folgenden dar\u00fcber, wie Ihre Daten verarbeitet werden und welche Anspr\u00fcche \/ Rechte Ihnen nach den datenschutzrechtlichen Regelungen zustehen. G\u00fcltig ab 25.Mai 2018. 1) F\u00fcr die Datenverarbeitung verantwortliche Stelle und Kontaktdaten Verantwortliche Stelle im Sinne des Datenschutzrechtes: Tierschutzverein Ostprignitz-Ruppin e.V. VorsitzenderPeter LenzErnst-Toller-Str. [&hellip;]<\/p>\n","protected":false},"author":4,"featured_media":0,"parent":0,"menu_order":0,"comment_status":"closed","ping_status":"open","template":"","meta":{"ngg_post_thumbnail":0,"_joinchat":[],"footnotes":""},"class_list":["post-3","page","type-page","status-publish","hentry"],"_links":{"self":[{"href":"https:\/\/tiere-opr.de\/index.php?rest_route=\/wp\/v2\/pages\/3","targetHints":{"allow":["GET"]}}],"collection":[{"href":"https:\/\/tiere-opr.de\/index.php?rest_route=\/wp\/v2\/pages"}],"about":[{"href":"https:\/\/tiere-opr.de\/index.php?rest_route=\/wp\/v2\/types\/page"}],"author":[{"embeddable":true,"href":"https:\/\/tiere-opr.de\/index.php?rest_route=\/wp\/v2\/users\/4"}],"replies":[{"embeddable":true,"href":"https:\/\/tiere-opr.de\/index.php?rest_route=%2Fwp%2Fv2%2Fcomments&post=3"}],"version-history":[{"count":1,"href":"https:\/\/tiere-opr.de\/index.php?rest_route=\/wp\/v2\/pages\/3\/revisions"}],"predecessor-version":[{"id":383,"href":"https:\/\/tiere-opr.de\/index.php?rest_route=\/wp\/v2\/pages\/3\/revisions\/383"}],"wp:attachment":[{"href":"https:\/\/tiere-opr.de\/index.php?rest_route=%2Fwp%2Fv2%2Fmedia&parent=3"}],"curies":[{"name":"wp","href":"https:\/\/api.w.org\/{rel}","templated":true}]}}