{"id":3910,"date":"2026-03-03T08:36:42","date_gmt":"2026-03-03T07:36:42","guid":{"rendered":"https:\/\/tiere-opr.de\/?page_id=3910"},"modified":"2026-03-03T11:24:37","modified_gmt":"2026-03-03T10:24:37","slug":"der-verein-stellt-sich-vor","status":"publish","type":"page","link":"https:\/\/tiere-opr.de\/?page_id=3910","title":{"rendered":"der Verein stellt sich vor"},"content":{"rendered":"<h3><span style=\"font-size: 18pt; color: #000080;\">Der Tierschutzverein Ostprignitz-Ruppin e.V. setzt sich seit 2001 f\u00fcr das Wohl vernachl\u00e4ssigter und in Not geratener Tiere ein.<\/span><\/h3>\n<p><strong><span style=\"font-family: arial, helvetica, sans-serif; font-size: 14pt;\">Ganz ohne Tierheim gelingt es uns, ausgesetzte oder abgegebene Tiere in privaten Pflegestellen unterzubringen und \u00fcber kurz oder lang in ein neues Zuhause zu vermitteln.<\/span><\/strong><\/p>\n<p><strong><span style=\"font-family: arial, helvetica, sans-serif; font-size: 14pt;\">F\u00fcr uns ist es wichtig, dass ein Aufenthalt im Tierheim vermieden wird, gerade weil die Tiere in Pflegefamilien auf ein Leben im neuen Zuhause optimal vorbereitet werden.<\/span><\/strong><\/p>\n<p><strong><span style=\"font-family: arial, helvetica, sans-serif; font-size: 14pt;\">Ein weiterer Punkt unserer Arbeit ist die Aufkl\u00e4rung der Tierhalter \u00fcber Kastrationen und das Kastrieren von streunenden Katzen, um eine unkontrollierte Vermehrung einzud\u00e4mmen.<\/span><\/strong><\/p>\n<p><strong><span style=\"font-family: arial, helvetica, sans-serif; font-size: 14pt;\">Wie oft h\u00f6rt man den Satz \u201eAch, einmal soll sie Junge bekommen. Die sind doch so s\u00fc\u00df!\u201c<\/span><\/strong><\/p>\n<p><strong><span style=\"font-family: arial, helvetica, sans-serif; font-size: 14pt;\">Doch wohin die Jungtiere dann vermittelt werden sollen, wird meist viel zu sp\u00e4t bedacht.<\/span><\/strong><\/p>\n<p><strong><span style=\"font-family: arial, helvetica, sans-serif; font-size: 14pt;\">Von den meisten Menschen unbemerkt, unterhalten wir im gesamten Landkreis Ostprignitz-Ruppin Futterstellen f\u00fcr verwilderte Katzen. Die Situation dieser Tiere ist das Ergebnis von achtlosen Menschen, die sie ausgesetzt oder zur\u00fcckgelassen haben. Und so haben sie es verdient, dass man sie wenigstens mit Futter unterst\u00fctzt.<\/span><\/strong><\/p>\n<p><strong><span style=\"font-family: arial, helvetica, sans-serif; font-size: 14pt;\"><em>Gerne beraten wir einfach auch nur und freuen uns wenn es gelingt, dass ein Tier doch bei seiner Familie bleiben kann.<\/em><\/span><\/strong><\/p>\n<p><strong><span style=\"font-family: arial, helvetica, sans-serif; font-size: 14pt;\">Unsere Mitglieder engagieren sich ehrenamtlich, neben Beruf und Familie. Als Lohn daf\u00fcr reicht ihnen ein gl\u00fccklicher Hund, eine schnurrende Katze oder ein gut vermitteltes Kleintier beim neuen Herrchen oder Frauchen zu sehen.<\/span><\/strong><\/p>\n","protected":false},"excerpt":{"rendered":"<p>Der Tierschutzverein Ostprignitz-Ruppin e.V. setzt sich seit 2001 f\u00fcr das Wohl vernachl\u00e4ssigter und in Not geratener Tiere ein. Ganz ohne Tierheim gelingt es uns, ausgesetzte oder abgegebene Tiere in privaten Pflegestellen unterzubringen und \u00fcber kurz oder lang in ein neues Zuhause zu vermitteln. F\u00fcr uns ist es wichtig, dass ein Aufenthalt im Tierheim vermieden wird, [&hellip;]<\/p>\n","protected":false},"author":2,"featured_media":0,"parent":0,"menu_order":0,"comment_status":"closed","ping_status":"closed","template":"","meta":{"ngg_post_thumbnail":0,"_joinchat":[],"footnotes":""},"class_list":["post-3910","page","type-page","status-publish","hentry"],"_links":{"self":[{"href":"https:\/\/tiere-opr.de\/index.php?rest_route=\/wp\/v2\/pages\/3910","targetHints":{"allow":["GET"]}}],"collection":[{"href":"https:\/\/tiere-opr.de\/index.php?rest_route=\/wp\/v2\/pages"}],"about":[{"href":"https:\/\/tiere-opr.de\/index.php?rest_route=\/wp\/v2\/types\/page"}],"author":[{"embeddable":true,"href":"https:\/\/tiere-opr.de\/index.php?rest_route=\/wp\/v2\/users\/2"}],"replies":[{"embeddable":true,"href":"https:\/\/tiere-opr.de\/index.php?rest_route=%2Fwp%2Fv2%2Fcomments&post=3910"}],"version-history":[{"count":3,"href":"https:\/\/tiere-opr.de\/index.php?rest_route=\/wp\/v2\/pages\/3910\/revisions"}],"predecessor-version":[{"id":3913,"href":"https:\/\/tiere-opr.de\/index.php?rest_route=\/wp\/v2\/pages\/3910\/revisions\/3913"}],"wp:attachment":[{"href":"https:\/\/tiere-opr.de\/index.php?rest_route=%2Fwp%2Fv2%2Fmedia&parent=3910"}],"curies":[{"name":"wp","href":"https:\/\/api.w.org\/{rel}","templated":true}]}}