{"id":3713,"date":"2026-02-28T00:51:50","date_gmt":"2026-02-27T23:51:50","guid":{"rendered":"https:\/\/tiere-opr.de\/?post_type=product&#038;p=3713"},"modified":"2026-04-12T11:35:45","modified_gmt":"2026-04-12T09:35:45","slug":"pina-und-finn-suchen-ein-zuhause-kopie-kopie","status":"publish","type":"product","link":"https:\/\/tiere-opr.de\/?product=pina-und-finn-suchen-ein-zuhause-kopie-kopie","title":{"rendered":"Pina und Finn"},"content":{"rendered":"<p data-start=\"144\" data-end=\"237\">Wir sind Ende 08\/2025 geboren und auf der Suche nach unserem liebevollen F\u00fcr-immer-Zuhause.<\/p>\n<p data-start=\"239\" data-end=\"355\">\u2728 <strong data-start=\"241\" data-end=\"263\">Bitte nur zusammen<\/strong> \u2013 wir geh\u00f6ren einfach zusammen und m\u00f6chten unser Leben weiterhin Seite an Seite verbringen.<\/p>\n<p data-start=\"357\" data-end=\"488\">Wir w\u00fcnschen uns ein Zuhause in<\/p>\n<p data-start=\"357\" data-end=\"488\"><br data-start=\"388\" data-end=\"391\">\u2022 Wohnungshaltung mit gesichertem Balkon<br data-start=\"431\" data-end=\"434\">oder<br data-start=\"438\" data-end=\"441\">\u2022 Freigang in ruhiger, verkehrsarmer Umgebung<\/p>\n<p data-start=\"490\" data-end=\"645\">Wir sind gesund, gechipt, geimpft und kastriert. Nat\u00fcrlich ziehen wir mit Schutzvertrag und Schutzgeb\u00fchr nach einem pers\u00f6nlichen Kennenlernen bei euch ein.<\/p>\n<p data-start=\"647\" data-end=\"835\">Wir sind verspielt, neugierig und bestens sozialisiert. Besonders gerne spielen wir mit der Angel oder mit Spiralen.<\/p>\n<p data-start=\"647\" data-end=\"835\">und ich, Finn, apportiere seit Kurzem mit gro\u00dfer Begeisterung!<\/p>\n<p data-start=\"647\" data-end=\"835\">Wir lieben es mit unseren Menschen zu spielen. Aber noch mehr das gemeinsame kuscheln.&nbsp;<\/p>\n<p data-start=\"837\" data-end=\"934\" data-is-last-node=\"\" data-is-only-node=\"\">Vielleicht d\u00fcrfen wir schon bald euer Zuhause mit Leben, Schnurren und ganz viel Liebe f\u00fcllen? \ud83e\udde1<\/p>\n<p data-start=\"837\" data-end=\"934\" data-is-last-node=\"\" data-is-only-node=\"\">Kontakt unter 01739626036<\/p>\n","protected":false},"excerpt":{"rendered":"<p>Wir sind Ende 08\/2025 geboren und auf der Suche nach unserem liebevollen F\u00fcr-immer-Zuhause. \u2728 Bitte nur zusammen \u2013 wir geh\u00f6ren einfach zusammen und m\u00f6chten unser Leben weiterhin Seite an Seite verbringen. Wir w\u00fcnschen uns ein Zuhause in \u2022 Wohnungshaltung mit gesichertem Balkonoder\u2022 Freigang in ruhiger, verkehrsarmer Umgebung Wir sind gesund, gechipt, geimpft und kastriert. Nat\u00fcrlich [&hellip;]<\/p>\n","protected":false},"featured_media":4169,"template":"","meta":{"ngg_post_thumbnail":0,"_joinchat":{"telephone":"+491725215751"}},"product_brand":[],"product_cat":[49,57,48],"product_tag":[],"class_list":{"0":"post-3713","1":"product","2":"type-product","3":"status-publish","4":"has-post-thumbnail","6":"product_cat-katzen","7":"product_cat-kitten-bis1-jahr","8":"product_cat-tiervermittlung","10":"first","11":"instock","12":"taxable","13":"shipping-taxable","14":"product-type-simple"},"_links":{"self":[{"href":"https:\/\/tiere-opr.de\/index.php?rest_route=\/wp\/v2\/product\/3713","targetHints":{"allow":["GET"]}}],"collection":[{"href":"https:\/\/tiere-opr.de\/index.php?rest_route=\/wp\/v2\/product"}],"about":[{"href":"https:\/\/tiere-opr.de\/index.php?rest_route=\/wp\/v2\/types\/product"}],"wp:featuredmedia":[{"embeddable":true,"href":"https:\/\/tiere-opr.de\/index.php?rest_route=\/wp\/v2\/media\/4169"}],"wp:attachment":[{"href":"https:\/\/tiere-opr.de\/index.php?rest_route=%2Fwp%2Fv2%2Fmedia&parent=3713"}],"wp:term":[{"taxonomy":"product_brand","embeddable":true,"href":"https:\/\/tiere-opr.de\/index.php?rest_route=%2Fwp%2Fv2%2Fproduct_brand&post=3713"},{"taxonomy":"product_cat","embeddable":true,"href":"https:\/\/tiere-opr.de\/index.php?rest_route=%2Fwp%2Fv2%2Fproduct_cat&post=3713"},{"taxonomy":"product_tag","embeddable":true,"href":"https:\/\/tiere-opr.de\/index.php?rest_route=%2Fwp%2Fv2%2Fproduct_tag&post=3713"}],"curies":[{"name":"wp","href":"https:\/\/api.w.org\/{rel}","templated":true}]}}