{"id":3793,"date":"2026-03-01T00:18:54","date_gmt":"2026-02-28T23:18:54","guid":{"rendered":"https:\/\/tiere-opr.de\/?post_type=product&#038;p=3793"},"modified":"2026-03-01T00:22:28","modified_gmt":"2026-02-28T23:22:28","slug":"fischstaebchen-2","status":"publish","type":"product","link":"https:\/\/tiere-opr.de\/?product=fischstaebchen-2","title":{"rendered":"Fischst\u00e4bchen"},"content":{"rendered":"<p data-start=\"0\" data-end=\"38\">Hallo \u2026 ich bin <strong data-start=\"16\" data-end=\"33\">Fischst\u00e4bchen<\/strong> \ud83d\udc3e<\/p>\n<p data-start=\"40\" data-end=\"197\">Geboren wurde ich im August 2024. Zusammen mit meinen Geschwistern bin ich \u00fcber den Verein in Sicherheit gekommen \u2013 und nun suche ich mein eigenes Zuhause.<\/p>\n<p data-start=\"199\" data-end=\"504\">Ich bin eher ein vorsichtiger Kater. Neue Menschen machen mich erstmal ein bisschen unsicher. Ich brauche Zeit, um Vertrauen zu fassen und um zu verstehen, dass mir nichts passiert. Wenn du Geduld mitbringst und mir Raum gibst, in meinem Tempo anzukommen, werde ich bestimmt Schritt f\u00fcr Schritt mutiger.<\/p>\n<p data-start=\"506\" data-end=\"764\">Mit anderen Katzen verstehe ich mich richtig gut. Sie geben mir Sicherheit \u2013 deshalb w\u00fcrde ich mich freuen, wenn ich eines meiner Geschwister mitbringen d\u00fcrfte oder zu einer bereits vorhandenen, sozialen Katze ziehen k\u00f6nnte. Alleine w\u00e4re ich nicht so gern.<\/p>\n<p data-start=\"766\" data-end=\"867\">Ich bin nat\u00fcrlich kastriert, gechipt, geimpft und entwurmt \u2013 also bereit f\u00fcr mein neues Kapitel. \ud83d\udc9b<\/p>\n<p data-start=\"869\" data-end=\"996\" data-is-last-node=\"\" data-is-only-node=\"\">Wenn du einem sch\u00fcchternen Kater mit gro\u00dfem Herzen eine Chance geben m\u00f6chtest, melde dich gern unter<br data-start=\"969\" data-end=\"972\"><strong data-start=\"972\" data-end=\"993\">Tel: 0177 3007775<\/strong> \ud83d\udc31<\/p>\n","protected":false},"excerpt":{"rendered":"<p>Hallo \u2026 ich bin Fischst\u00e4bchen \ud83d\udc3e Geboren wurde ich im August 2024. Zusammen mit meinen Geschwistern bin ich \u00fcber den Verein in Sicherheit gekommen \u2013 und nun suche ich mein eigenes Zuhause. Ich bin eher ein vorsichtiger Kater. Neue Menschen machen mich erstmal ein bisschen unsicher. Ich brauche Zeit, um Vertrauen zu fassen und um [&hellip;]<\/p>\n","protected":false},"featured_media":3794,"template":"","meta":{"ngg_post_thumbnail":0,"_joinchat":{"telephone":"+491725215751"}},"product_brand":[],"product_cat":[58,49,48],"product_tag":[],"class_list":{"0":"post-3793","1":"product","2":"type-product","3":"status-publish","4":"has-post-thumbnail","6":"product_cat-adult-1-9-jahre","7":"product_cat-katzen","8":"product_cat-tiervermittlung","10":"first","11":"instock","12":"taxable","13":"shipping-taxable","14":"product-type-simple"},"_links":{"self":[{"href":"https:\/\/tiere-opr.de\/index.php?rest_route=\/wp\/v2\/product\/3793","targetHints":{"allow":["GET"]}}],"collection":[{"href":"https:\/\/tiere-opr.de\/index.php?rest_route=\/wp\/v2\/product"}],"about":[{"href":"https:\/\/tiere-opr.de\/index.php?rest_route=\/wp\/v2\/types\/product"}],"wp:featuredmedia":[{"embeddable":true,"href":"https:\/\/tiere-opr.de\/index.php?rest_route=\/wp\/v2\/media\/3794"}],"wp:attachment":[{"href":"https:\/\/tiere-opr.de\/index.php?rest_route=%2Fwp%2Fv2%2Fmedia&parent=3793"}],"wp:term":[{"taxonomy":"product_brand","embeddable":true,"href":"https:\/\/tiere-opr.de\/index.php?rest_route=%2Fwp%2Fv2%2Fproduct_brand&post=3793"},{"taxonomy":"product_cat","embeddable":true,"href":"https:\/\/tiere-opr.de\/index.php?rest_route=%2Fwp%2Fv2%2Fproduct_cat&post=3793"},{"taxonomy":"product_tag","embeddable":true,"href":"https:\/\/tiere-opr.de\/index.php?rest_route=%2Fwp%2Fv2%2Fproduct_tag&post=3793"}],"curies":[{"name":"wp","href":"https:\/\/api.w.org\/{rel}","templated":true}]}}