{"id":3818,"date":"2026-03-01T01:35:36","date_gmt":"2026-03-01T00:35:36","guid":{"rendered":"https:\/\/tiere-opr.de\/?post_type=product&#038;p=3818"},"modified":"2026-03-01T01:35:36","modified_gmt":"2026-03-01T00:35:36","slug":"warum-pflegestellen-so-wichtig-sind","status":"publish","type":"product","link":"https:\/\/tiere-opr.de\/?product=warum-pflegestellen-so-wichtig-sind","title":{"rendered":"Warum Pflegestellen so wichtig sind"},"content":{"rendered":"<p data-start=\"0\" data-end=\"52\">Pflegestellen sind im Tierschutz unverzichtbar. \ud83d\udc3e<\/p>\n<p data-start=\"54\" data-end=\"315\">Sie nehmen Tiere auf, wenn Tierheime voll sind, und geben ihnen ein ruhiges, sicheres Umfeld, in dem sie sich erholen und Vertrauen aufbauen k\u00f6nnen. Gerade kranke, sehr junge, \u00e4ngstliche oder \u00e4ltere Tiere profitieren von der individuellen Betreuung im Alltag.<\/p>\n<p data-start=\"317\" data-end=\"517\">In einer Pflegestelle lernen die Tiere das Zusammenleben mit Menschen und anderen Tieren \u2013 und ihr Charakter kann in Ruhe eingesch\u00e4tzt werden. So finden sie sp\u00e4ter passgenauer ihr F\u00fcr-immer-Zuhause.<\/p>\n","protected":false},"excerpt":{"rendered":"<p>Pflegestellen sind im Tierschutz unverzichtbar. \ud83d\udc3e Sie nehmen Tiere auf, wenn Tierheime voll sind, und geben ihnen ein ruhiges, sicheres Umfeld, in dem sie sich erholen und Vertrauen aufbauen k\u00f6nnen. Gerade kranke, sehr junge, \u00e4ngstliche oder \u00e4ltere Tiere profitieren von der individuellen Betreuung im Alltag. In einer Pflegestelle lernen die Tiere das Zusammenleben mit Menschen [&hellip;]<\/p>\n","protected":false},"featured_media":0,"template":"","meta":{"ngg_post_thumbnail":0,"_joinchat":[]},"product_brand":[],"product_cat":[48],"product_tag":[],"class_list":{"0":"post-3818","1":"product","2":"type-product","3":"status-publish","5":"product_cat-tiervermittlung","7":"first","8":"instock","9":"taxable","10":"shipping-taxable","11":"product-type-simple"},"_links":{"self":[{"href":"https:\/\/tiere-opr.de\/index.php?rest_route=\/wp\/v2\/product\/3818","targetHints":{"allow":["GET"]}}],"collection":[{"href":"https:\/\/tiere-opr.de\/index.php?rest_route=\/wp\/v2\/product"}],"about":[{"href":"https:\/\/tiere-opr.de\/index.php?rest_route=\/wp\/v2\/types\/product"}],"wp:attachment":[{"href":"https:\/\/tiere-opr.de\/index.php?rest_route=%2Fwp%2Fv2%2Fmedia&parent=3818"}],"wp:term":[{"taxonomy":"product_brand","embeddable":true,"href":"https:\/\/tiere-opr.de\/index.php?rest_route=%2Fwp%2Fv2%2Fproduct_brand&post=3818"},{"taxonomy":"product_cat","embeddable":true,"href":"https:\/\/tiere-opr.de\/index.php?rest_route=%2Fwp%2Fv2%2Fproduct_cat&post=3818"},{"taxonomy":"product_tag","embeddable":true,"href":"https:\/\/tiere-opr.de\/index.php?rest_route=%2Fwp%2Fv2%2Fproduct_tag&post=3818"}],"curies":[{"name":"wp","href":"https:\/\/api.w.org\/{rel}","templated":true}]}}