{"id":4078,"date":"2026-03-30T08:26:03","date_gmt":"2026-03-30T06:26:03","guid":{"rendered":"https:\/\/tiere-opr.de\/?post_type=product&#038;p=4078"},"modified":"2026-03-30T08:36:12","modified_gmt":"2026-03-30T06:36:12","slug":"david","status":"publish","type":"product","link":"https:\/\/tiere-opr.de\/?product=david","title":{"rendered":"David"},"content":{"rendered":"<p data-start=\"137\" data-end=\"168\"><strong data-start=\"137\" data-end=\"168\">David sucht sein Zuhause \ud83d\udc3e<\/strong><\/p>\n<p data-start=\"170\" data-end=\"242\">Ich bin David, etwa 3 Jahre alt \u2013 und ich bin ein ganz besonderer Kater.<\/p>\n<p data-start=\"244\" data-end=\"569\">Ich bin taub und nehme meine Welt anders wahr als andere Katzen. Deshalb orientiere ich mich stark an meiner Umgebung und brauche ein Zuhause, das ruhig, sicher und gut strukturiert ist. Wenn ich einmal Vertrauen gefasst habe, bin ich gerne mitten im Geschehen und begleite meine Menschen aufmerksam \u2013 auf meine eigene Weise.<\/p>\n<p data-start=\"571\" data-end=\"794\">Ich bin kein Kater, der gerne angefasst wird. N\u00e4he zeige ich anders, und es ist mir wichtig, dass meine Grenzen respektiert werden. Wenn du mich verstehst, wirst du merken: Ich m\u00f6chte dazugeh\u00f6ren \u2013 nur eben in meinem Tempo.<\/p>\n<p data-start=\"796\" data-end=\"992\">F\u00fcr mich w\u00fcnsche ich mir Menschen mit Katzenerfahrung, die Geduld haben und meine K\u00f6rpersprache lesen k\u00f6nnen. Ein Zuhause ohne kleine Kinder w\u00e4re f\u00fcr mich ideal, damit ich mich sicher f\u00fchlen kann.<\/p>\n<p data-start=\"994\" data-end=\"1211\">Ich werde ausschlie\u00dflich in Wohnungshaltung mit gesichertem Balkon vermittelt, da ich drau\u00dfen als tauber Kater nicht sicher w\u00e4re. Ich kann gut als Einzelkater leben \u2013 wichtig ist nur, dass du genug Zeit f\u00fcr mich hast.<\/p>\n<p data-start=\"1213\" data-end=\"1250\">\u2714 kastriert<br data-start=\"1224\" data-end=\"1227\">\u2714 gechipt<br data-start=\"1236\" data-end=\"1239\">\u2714 geimpft<\/p>\n<p data-start=\"1252\" data-end=\"1330\">Ein pers\u00f6nliches Kennenlernen ist mir (und meinen Menschen) besonders wichtig.<\/p>\n<p data-start=\"1332\" data-end=\"1464\">Wenn du einem besonderen Charakter wie mir ein Zuhause schenken m\u00f6chtest, melde dich gerne mit ein paar Infos unter <strong data-start=\"1448\" data-end=\"1463\">01739626036<\/strong>.<\/p>\n<p data-start=\"1332\" data-end=\"1464\">Standort: Pflegestelle Fehrbellin<\/p>\n<p data-start=\"1466\" data-end=\"1493\" data-is-last-node=\"\" data-is-only-node=\"\">Ich freue mich auf dich. \ud83d\udc3e<\/p>\n","protected":false},"excerpt":{"rendered":"<p>David sucht sein Zuhause \ud83d\udc3e Ich bin David, etwa 3 Jahre alt \u2013 und ich bin ein ganz besonderer Kater. Ich bin taub und nehme meine Welt anders wahr als andere Katzen. Deshalb orientiere ich mich stark an meiner Umgebung und brauche ein Zuhause, das ruhig, sicher und gut strukturiert ist. Wenn ich einmal Vertrauen [&hellip;]<\/p>\n","protected":false},"featured_media":4088,"template":"","meta":{"ngg_post_thumbnail":0,"_joinchat":[]},"product_brand":[],"product_cat":[58],"product_tag":[],"class_list":{"0":"post-4078","1":"product","2":"type-product","3":"status-publish","4":"has-post-thumbnail","6":"product_cat-adult-1-9-jahre","8":"first","9":"instock","10":"taxable","11":"shipping-taxable","12":"product-type-simple"},"_links":{"self":[{"href":"https:\/\/tiere-opr.de\/index.php?rest_route=\/wp\/v2\/product\/4078","targetHints":{"allow":["GET"]}}],"collection":[{"href":"https:\/\/tiere-opr.de\/index.php?rest_route=\/wp\/v2\/product"}],"about":[{"href":"https:\/\/tiere-opr.de\/index.php?rest_route=\/wp\/v2\/types\/product"}],"wp:featuredmedia":[{"embeddable":true,"href":"https:\/\/tiere-opr.de\/index.php?rest_route=\/wp\/v2\/media\/4088"}],"wp:attachment":[{"href":"https:\/\/tiere-opr.de\/index.php?rest_route=%2Fwp%2Fv2%2Fmedia&parent=4078"}],"wp:term":[{"taxonomy":"product_brand","embeddable":true,"href":"https:\/\/tiere-opr.de\/index.php?rest_route=%2Fwp%2Fv2%2Fproduct_brand&post=4078"},{"taxonomy":"product_cat","embeddable":true,"href":"https:\/\/tiere-opr.de\/index.php?rest_route=%2Fwp%2Fv2%2Fproduct_cat&post=4078"},{"taxonomy":"product_tag","embeddable":true,"href":"https:\/\/tiere-opr.de\/index.php?rest_route=%2Fwp%2Fv2%2Fproduct_tag&post=4078"}],"curies":[{"name":"wp","href":"https:\/\/api.w.org\/{rel}","templated":true}]}}