{"id":4174,"date":"2026-04-12T18:22:25","date_gmt":"2026-04-12T16:22:25","guid":{"rendered":"https:\/\/tiere-opr.de\/?post_type=product&#038;p=4174"},"modified":"2026-04-12T18:22:25","modified_gmt":"2026-04-12T16:22:25","slug":"hugo","status":"publish","type":"product","link":"https:\/\/tiere-opr.de\/?product=hugo","title":{"rendered":"Hugo"},"content":{"rendered":"<p data-start=\"98\" data-end=\"125\"><strong data-start=\"98\" data-end=\"125\">Hallo, ich bin Hugo! \ud83d\udc3e<\/strong><\/p>\n<p data-start=\"127\" data-end=\"399\">Ich bin ein junger Wirbelwind (so ungef\u00e4hr ein Jahr alt \u2013 sagen wir mal Mai\/Juni passt ganz gut \ud83d\ude09) und ich liebe das Leben!<br data-start=\"251\" data-end=\"254\">Drau\u00dfen wartet jeden Tag ein neues Abenteuer auf mich: Bl\u00e4tter, Grash\u00fcpfer, alles was sich bewegt \u2013 ich bin sofort zur Stelle und jage hinterher!<\/p>\n<p data-start=\"401\" data-end=\"555\">Deshalb w\u00fcnsche ich mir ein Zuhause, wo ich drau\u00dfen unterwegs sein darf \u2013 am liebsten in einer ruhigen Gegend, wo ich nach Herzenslust herumstreifen kann.<\/p>\n<p data-start=\"557\" data-end=\"769\">Aber hey, ich bin nicht nur Action pur!<br data-start=\"596\" data-end=\"599\">Wenn ich genug erlebt habe, werde ich zum richtigen Kuschelkater. Dann liege ich super gerne mit meinem Pflegefrauchen auf der Couch und genie\u00dfe jede Streicheleinheit. \u2764\ufe0f<\/p>\n<p data-start=\"771\" data-end=\"1116\">Ich hab \u00fcbrigens schon ein kleines Abenteuer hinter mir:<br data-start=\"827\" data-end=\"830\">Ich sa\u00df mal ganz oben auf einem Dachfirst fest und wusste nicht mehr weiter\u2026 ziemlich mutig, oder? Naja \u2013 runter war dann doch etwas schwieriger \ud83d\ude05<br data-start=\"977\" data-end=\"980\">Aber dann habe ich dieses wundervolle Ger\u00e4usch geh\u00f6rt\u2026 <em data-start=\"1035\" data-end=\"1052\">raschel raschel<\/em> \u2013 Leckerli! Und zack, hatte ich den Mut, wieder runterzukommen.<\/p>\n<p data-start=\"1118\" data-end=\"1234\">Mit anderen Katzen komme ich \u00fcbrigens richtig gut klar. Wenn du schon einen Kater hast, sag ich bestimmt nicht nein!<\/p>\n<p data-start=\"1236\" data-end=\"1332\">Jetzt fehlt mir nur noch eins:<br data-start=\"1266\" data-end=\"1269\">Ein eigenes Zuhause voller Liebe, Abenteuer und Kuschelmomente.<\/p>\n<p data-start=\"1334\" data-end=\"1379\"><strong data-start=\"1334\" data-end=\"1379\">Na, hast du Lust, mich kennenzulernen? \ud83d\udc3e<\/strong><\/p>\n<p data-start=\"1381\" data-end=\"1428\">Vermittlung nur nach pers\u00f6nlichem Kennenlernen.<\/p>\n<p data-start=\"1430\" data-end=\"1453\">\ud83d\udcde Kontakt: 01725215751<\/p>\n","protected":false},"excerpt":{"rendered":"<p>Hallo, ich bin Hugo! \ud83d\udc3e Ich bin ein junger Wirbelwind (so ungef\u00e4hr ein Jahr alt \u2013 sagen wir mal Mai\/Juni passt ganz gut \ud83d\ude09) und ich liebe das Leben!Drau\u00dfen wartet jeden Tag ein neues Abenteuer auf mich: Bl\u00e4tter, Grash\u00fcpfer, alles was sich bewegt \u2013 ich bin sofort zur Stelle und jage hinterher! Deshalb w\u00fcnsche ich [&hellip;]<\/p>\n","protected":false},"featured_media":4175,"template":"","meta":{"ngg_post_thumbnail":0,"_joinchat":[]},"product_brand":[],"product_cat":[57],"product_tag":[],"class_list":{"0":"post-4174","1":"product","2":"type-product","3":"status-publish","4":"has-post-thumbnail","6":"product_cat-kitten-bis1-jahr","8":"first","9":"instock","10":"taxable","11":"shipping-taxable","12":"product-type-simple"},"_links":{"self":[{"href":"https:\/\/tiere-opr.de\/index.php?rest_route=\/wp\/v2\/product\/4174","targetHints":{"allow":["GET"]}}],"collection":[{"href":"https:\/\/tiere-opr.de\/index.php?rest_route=\/wp\/v2\/product"}],"about":[{"href":"https:\/\/tiere-opr.de\/index.php?rest_route=\/wp\/v2\/types\/product"}],"wp:featuredmedia":[{"embeddable":true,"href":"https:\/\/tiere-opr.de\/index.php?rest_route=\/wp\/v2\/media\/4175"}],"wp:attachment":[{"href":"https:\/\/tiere-opr.de\/index.php?rest_route=%2Fwp%2Fv2%2Fmedia&parent=4174"}],"wp:term":[{"taxonomy":"product_brand","embeddable":true,"href":"https:\/\/tiere-opr.de\/index.php?rest_route=%2Fwp%2Fv2%2Fproduct_brand&post=4174"},{"taxonomy":"product_cat","embeddable":true,"href":"https:\/\/tiere-opr.de\/index.php?rest_route=%2Fwp%2Fv2%2Fproduct_cat&post=4174"},{"taxonomy":"product_tag","embeddable":true,"href":"https:\/\/tiere-opr.de\/index.php?rest_route=%2Fwp%2Fv2%2Fproduct_tag&post=4174"}],"curies":[{"name":"wp","href":"https:\/\/api.w.org\/{rel}","templated":true}]}}